 - d - 2 = t. Calculate s(b).
2
Let k(z) = -z - 4. Let u(n) = 6*n + 6. Let s(w) = -3*k(w) - u(w). What is s(6)?
-12
Let b(d) be the third derivative of -d**4/12 + 7*d**3/6 - 44*d**2. Let j = -38 + 44. What is b(j)?
-5
Suppose 50 - 4 = 4*t - 2*b, -5*b - 15 = 0. Suppose -4*x - t - 2 = 0. Let g(f) = 2*f + 4 - 1 + 2*f + f**2 - 2*f. Calculate g(x).
6
Suppose -59 = -34*c - 25*c. Let g(j) = -2*j. Give g(c).
-2
Let v(p) = -2*p**3 + 5*p**2 - 5*p + 2. Suppose -98 + 143 = 15*y. What is v(y)?
-22
Let u(g) = 7*g + 51. Let p be u(-15). Let t = p + 51. Let i(y) = y + 3. What is i(t)?
0
Let t(n) = n**3 - 9*n**2 - 5*n + 8. Suppose 62*k = 67*k - 45. Calculate t(k).
-37
Let o(f) = -f**3 + 12*f**2 - 5*f + 1. Let r(y) be the second derivative of y**4/12 + 4*y. Let k(s) = -o(s) + 5*r(s). What is k(6)?
-7
Let k(h) = h**2 - 2*h. Suppose 20*a - 4*z = 19*a + 10, -2*a = 2*z + 10. Determine k(a).
8
Let a(b) = b**2 + 12*b + 3. Let t(q) = q**2 + 12*q + 3. Let d(p) = 4*a(p) - 3*t(p). What is d(-13)?
16
Suppose -u = a, -u - 8 - 2 = 3*a. Suppose 2*n - 10 = -3*n. Let b(s) = 1 - 4 + n*s - s. Calculate b(a).
-8
Suppose -3*b = w, 3*b - 198 = -4*w - 180. Let f(c) be the third derivative of -1/6*c**3 + 0*c + 0 + 2*c**2 + 1/24*c**4. What is f(w)?
5
Let x(b) be the third derivative of b**4/6 - 2*b**2 - 280*b. Give x(1).
4
Let n(q) = 27*q + 131. Let t be n(-5). Let g(c) = 4*c + 13. Give g(t).
-3
Let a(s) be the second derivative of s**4/12 - 7*s**3/6 + 11*s**2/2 + 14*s - 4. Calculate a(7).
11
Let a(x) = x**3 + 3*x**2 + 5*x + 2. Let l = -301 - -298. Give a(l).
-13
Let p = 92 - 62. Suppose 3*h = -p - 6. Let i = h + 10. Let o(k) = 2*k**2 + 2*k + 3. What is o(i)?
7
Let b(n) = -2*n. Let h be b(3). Let d(u) = -u**3 - 5*u**2 + 3*u - 8. Give d(h).
10
Let u(p) = p**3 - 2*p**2 - 8*p. Let s be u(4). Let o(f) = 14*f + s - 22*f + f**2 + 4. Determine o(3).
-11
Let a = -6 + 2. Let j(w) = -w - 8. Let x(q) = q + 8. Let k(r) = a*j(r) - 5*x(r). Let o = 1191 - 1195. What is k(o)?
-4
Suppose 0 = 214*c - 209*c + 2*p - 4, 4*c - 2 = -p. Let j(u) be the third derivative of 0*u + 1/24*u**4 + 1/3*u**3 + c + 3*u**2. Determine j(-5).
-3
Let u(x) = 5*x + 30. Let y be u(-7). Let m(d) = -2*d. Let w(r) = 3*r - 1. Let j = -12 + 7. Let s(n) = j*m(n) - 3*w(n). Give s(y).
-2
Let p(h) = -h + 4. Let j(n) = -n + 5. Let s(z) = -3*j(z) + 4*p(z). Suppose -3 = -5*d + 7. Suppose 3*x + 4*a = 5*a - 12, d*x - 4*a + 18 = 0. Determine s(x).
4
Let j(x) be the second derivative of x**4/12 - 5*x**3/6 - 2*x**2 + 8*x. What is j(6)?
2
Let p(i) be the third derivative of -5*i**4/24 - i**3/6 + i**2. Let m be p(-1). Let y(z) = 7*z - 1 - 10*z + 4*z - 2. Determine y(m).
1
Suppose 3*t + 6 = 4*t. Let x = 126 + -90. Let b(a) = 37*a + 1 + 1 - x*a - 4. Calculate b(t).
4
Let n(z) = -2*z - 5. Let v = 10 - 7. Suppose v*t = 21 - 3. Let c be (-28)/21 - 28/t. Determine n(c).
7
Let m(l) be the third derivative of -11*l**6/720 + l**4/24 - l**2. Let h(o) be the second derivative of m(o). Suppose 0 = -172*n + 175*n + 3. Calculate h(n).
11
Let t(v) = 10*v + 15. Let a(m) = m + 1. Let r(j) = 15*a(j) - t(j). Suppose 5*u + 23 = -2*k, -9*k + 6*k + u + 8 = 0. Give r(k).
5
Let b(a) = 6*a + 151 + 7*a**2 - 472 + 157 + a**3 + 157. Give b(-6).
-7
Let p(v) = -v**3 - 6*v**2 - 2. Let w(o) = -o + 3. Let m be w(5). Let h be (0 - -2)/m + -25. Let b = h - -20. Calculate p(b).
-2
Let m(h) = h**2 - 2*h - 6. Let n = 155 + -155. Calculate m(n).
-6
Let j(o) = -4*o + 0*o + 14*o - 1 - 4*o. Suppose -2 = 5*r - 12. Calculate j(r).
11
Let u(d) = -3 + 1 + 0 - 4 - 5*d + 4*d. What is u(-3)?
-3
Let w = -15 - -20. Suppose 9 = -2*h + w*h. Let n(u) = -h*u**3 + 2*u**2 + 4*u + 2*u**3 + 2*u - 4*u. Determine n(-2).
12
Let w(s) = -11*s**3 + 4*s**2 + 2*s - 1. Let v(b) = -15*b**3 + 4*b**2 + 2*b. Let j(a) = 3*v(a) - 4*w(a). What is j(-4)?
12
Let t(x) = x**2 + 4*x + 4. Let k be t(-5). Let o(y) = 0*y**3 + 9*y + k*y**2 + 10 + 0*y**3 + y**3. Determine o(-8).
2
Let i(n) be the third derivative of -n**6/120 + 4*n**5/15 - 7*n**4/12 - 3*n**3/2 + 625*n**2. Calculate i(15).
6
Let a(c) be the third derivative of c**5/60 + c**4/3 - c**2 - 29*c. Determine a(-6).
-12
Let k(y) = 4*y. Let a(w) = 9 + 2*w - 9*w + 0*w - 28. Let b be a(-3). Give k(b).
8
Suppose 5*j = m - 1, 27 = -3*j - m + 20. Let t(n) be the second derivative of -1/2*n**2 + n - 5/6*n**3 + 0. Determine t(j).
4
Let v(p) = -2*p + 1. Let g be (8/5)/(3 + 51/(-15)). Calculate v(g).
9
Suppose 6*r = 3*r. Let p(y) = -7*y**3 + y**2 + 6*y - 14. Let k(n) = 20*n**3 - 3*n**2 - 17*n + 41. Let o(m) = 6*k(m) + 17*p(m). Calculate o(r).
8
Let g(u) = -u**2 - 3*u - 1. Let z be g(-2). Let y = -161 - -174. Let w(j) = -j**2 - 7*j + y*j + z - 4*j. Give w(3).
-2
Let y be 4 - (-8 - -10) - -1*1. Let n(b) = b**2 - 5*b + 4. Give n(y).
-2
Let f(k) be the first derivative of -2*k**3/3 + k**2/2 - 15*k - 21. Let z(y) be the first derivative of f(y). Give z(1).
-3
Suppose -6*u = -0*u. Let l = u - -1. Let h(r) = -4 + 1 + l + 0*r + 3*r. Give h(3).
7
Let f(j) = j**2 - j - 2. Let v be (-5)/((-5)/11) + 3/(-1). Let b be 0*(1 - 4/v)/1. Calculate f(b).
-2
Let b be 8/(-7 + 3)*-1. Let j(p) = -3*p**2 - 5*p**b - 5 - 7*p + p**2 - 2*p**3 + p**3. Let n be 138/(-24) - 1/4. Give j(n).
1
Let i be 0 - (-5)/3*(-153)/85. Suppose 0*n = -3*n + 21. Let u(h) = -5*h**2 + 4*h + 9. Let f(a) = -2*a**2 + 2*a + 4. Let s(z) = i*u(z) + n*f(z). Determine s(2).
9
Let h = -13 - -18. Let z(n) = n + 1. Determine z(h).
6
Let b(l) be the third derivative of l**6/120 - l**5/20 - 3*l**4/8 - l**3/3 + 22*l**2 - 2. What is b(5)?
3
Let o(r) = -9*r**2 + 18*r**2 + 4 - 9*r**2 - r**2 - 7*r. Give o(-8).
-4
Let j be (-14)/(-6) + ((-1)/1)/3. Let c(o) = -o - o**3 - 96*o**j + 96*o**2. Determine c(-2).
10
Let w(c) = 2*c**3 + 3*c**2 - 4*c - 2. Suppose -7*u - 8 = 13. What is w(u)?
-17
Suppose -26 = -3*b - 5*w - 0*w, -14 = -b - 3*w. Let n(u) = -u + 0*u + 6 + b*u. Determine n(0).
6
Let n(x) = -14 + 2*x**2 + 2*x + 5 + 6 - x**3. Let w be n(2). Let j(u) = 2 + 5*u - 11*u + 8*u - w + 2*u**2. Determine j(2).
13
Let n(o) = -2*o**2 - 57*o - 51*o + 106*o. Let w be n(1). Let g(m) = 2*m**2 + 6*m + 1. Calculate g(w).
9
Let s be (-3)/21 - 891/(-63). Let x(g) = -g**2 + 15*g - 9. What is x(s)?
5
Let k(w) be the second derivative of -w**4/12 - w**3 + 12*w**2 + 247*w. Calculate k(3).
-3
Let q(x) = 2*x. Let j be ((-8)/6)/(12/(-18))*-5. Let d = j + 14. Determine q(d).
8
Let n = -305 + 310. Let j(h) be the third derivative of 1/60*h**n + 0 + 0*h**4 + 0*h + 0*h**3 - 8*h**2. Calculate j(3).
9
Suppose 0 = -5*v - 2*l, -3*l = -3*v + l - 26. Let j be ((-8)/24)/((-2)/12). Let m(f) = 3 - 60*f - f**3 + 30*f + 32*f - 3*f**j. Determine m(v).
-5
Let k(s) = 28*s - 3. Let h(a) = -13*a + 1. Let c(b) = 5*h(b) + 2*k(b). What is c(-4)?
35
Let d(r) = -16*r + 3 - 7 + 17*r. Suppose 11 = 3*a - 4*c, -16*c = 3*a - 21*c - 16. Calculate d(a).
-7
Let w = 15 - 11. Suppose -v = -3*l, v + w*l + 0*l = 7. Let r(z) be the third derivative of z**6/120 - z**5/20 - z**4/24 - z**3/6 + 162*z**2 - 2. What is r(v)?
-4
Let n(v) = -v**3 - 3*v**2 + 2. Let y be n(-3). Let t(d) = -11*d**3 + 6*d**2 - 7*d**3 + 17*d**3 + 8*d - y. What is t(7)?
5
Let i(d) = 36*d + 3. Let p(b) = -43*b - 3. Let q(k) = 6*i(k) + 5*p(k). Suppose 0 = -z - h - 2, h - 6*h - 6 = 4*z. What is q(z)?
-1
Suppose -5*l + 138 = 113. Let k(q) be the second derivative of -3/5*q**l + 1/6*q**3 + 0 + q + 0*q**2 + 1/6*q**4. Give k(-1).
13
Let r(t) be the third derivative of t**4/24 - t**2. Let o = 41 - 41. Suppose -27 = 3*l + 4*q - 12, -2*l + q - 10 = o. Calculate r(l).
-5
Let d(b) be the first derivative of b**3/3 + 3*b**2 - 7*b - 562. What is d(-8)?
9
Let d(c) = -3*c - 3. Let j(k) = k**2 - 2*k + 18. Let z be j(0). Let m be (33/(-2))/(z/24). Let h = 19 + m. Give d(h).
6
Suppose 4*r + d + 110 = -d, -5*d = r + 5. Let i = -24 - r. Let j(w) = 3*w - 6. Give j(i).
12
Let d(x) be the first derivative of x**7/168 - x**6/360 - x**5/120 + 2*x**3 - 8. Let p(i) be the third derivative of d(i). Suppose 4*v = 3*v - 1. What is p(v)?
-5
Let g(o) = -8*o + 3. Let w(v) be the third derivative of v**4/12 - v**3/6 - 9*v**2. Let x(a) = 2*g(a) + 9*w(a). Suppose -8 - 8 = -4*y. What is x(y)?
5
Let z = -2351/6 + 392. Let o(m) be the third derivative of -z*m**3 + 1/15*m**5 + 0*m + 0 + 2*m**2 - 1/24*m**4. What is o(-1)?
4
Let l(u) = -1 - 4*u - 12*u + 12*u. Determine l(-6).
23